 15.
d20
What is 1659 (base 11) in base 2?
100001001001
What is a13 (base 11) in base 15?
569
Convert 101111011101 (base 2) to base 7.
11566
-4461 (base 7) to base 2
-11001001011
Convert 43 (base 9) to base 10.
39
What is -204205 (base 6) in base 8?
-40155
Convert -2081 (base 10) to base 15.
-93b
25251 (base 10) to base 8
61243
What is 3031 (base 8) in base 2?
11000011001
Convert 2665 (base 7) to base 11.
854
What is 4a04 (base 14) in base 4?
3022030
Convert -2521 (base 6) to base 15.
-2ba
What is -1356 (base 16) in base 6?
-34530
What is -442 (base 5) in base 3?
-11112
Convert 140412 (base 6) to base 2.
11001100111000
What is 2912 (base 11) in base 13?
1937
-100031320 (base 4) to base 13
-24307
What is 1072 (base 8) in base 15?
280
What is -23bc (base 13) in base 12?
-2b14
13627 (base 8) to base 7
23415
Convert -233131 (base 4) to base 9.
-4144
Convert -2203203 (base 5) to base 7.
-215402
Convert 155 (base 11) to base 14.
cd
Convert 11011100000111 (base 2) to base 5.
422322
What is 1448 (base 11) in base 2?
11101001011
Convert 100433 (base 6) to base 7.
32103
What is -4410 (base 12) in base 11?
-56a9
-13033221 (base 4) to base 12
-15209
316 (base 7) to base 15
aa
What is 66 (base 12) in base 16?
4e
What is -1010011 (base 3) in base 9?
-1104
Convert -42833 (base 10) to base 5.
-2332313
60b (base 15) to base 2
10101010001
-738 (base 10) to base 5
-10423
What is 322a0 (base 12) in base 11?
45706
-21002 (base 3) to base 16
-bf
Convert 541 (base 6) to base 4.
3031
Convert 108284 (base 9) to base 12.
31827
-2232 (base 5) to base 4
-10331
What is 1067 (base 8) in base 6?
2343
-661 (base 10) to base 13
-3bb
-160 (base 13) to base 11
-205
15c4 (base 15) to base 14
19c8
132130 (base 4) to base 6
13004
What is -26404 (base 9) in base 8?
-42640
Convert -22122 (base 6) to base 13.
-1526
-672 (base 12) to base 2
-1110110110
-410123 (base 6) to base 15
-9936
What is -c5e (base 15) in base 7?
-11063
-1310130 (base 4) to base 12
-4390
110020 (base 3) to base 9
406
What is -863 (base 11) in base 4?
-100031
120112000 (base 3) to base 11
8555
Convert -15727 (base 8) to base 5.
-212002
Convert 22343 (base 5) to base 2.
11000111110
What is 123 (base 16) in base 7?
564
4341 (base 6) to base 10
997
Convert 78a (base 13) to base 14.
689
What is 210365 (base 7) in base 5?
2124314
What is -625 (base 14) in base 3?
-1122210
-130 (base 9) to base 4
-1230
What is 4329 (base 14) in base 4?
2311101
-494 (base 12) to base 8
-1260
Convert 37156 (base 8) to base 4.
3321232
Convert -abb0 (base 16) to base 15.
-d052
What is 5470 (base 8) in base 10?
2872
-3035 (base 9) to base 12
-134b
2a35 (base 12) to base 13
232a
111000110 (base 2) to base 12
31a
22d7 (base 14) to base 13
29bb
-148c (base 13) to base 15
-d44
What is 5436 (base 11) in base 3?
100211212
Convert 233 (base 6) to base 9.
113
110020 (base 4) to base 7
3520
What is -1197 (base 15) in base 14?
-1514
What is -1019 (base 11) in base 9?
-1761
What is -213 (base 14) in base 5?
-3114
Convert 11101 (base 3) to base 4.
1312
What is 3401 (base 6) in base 5?
11133
12300002 (base 4) to base 14
a110
What is -611 (base 7) in base 5?
-2202
Convert 2030 (base 5) to base 15.
12a
Convert -33123 (base 4) to base 8.
-1733
What is 679 (base 13) in base 8?
2132
What is -36a3 (base 12) in base 3?
-22110120
1135 (base 10) to base 13
694
-466 (base 8) to base 12
-21a
10677 (base 12) to base 5
1143231
What is 763 (base 12) in base 11?
8a5
Convert -23110 (base 4) to base 2.
-1011010100
-21010210 (base 3) to base 10
-5205
What is -971 (base 14) in base 6?
-12343
What is -217 (base 8) in base 7?
-263
What is -196 (base 12) in base 6?
-1110
What is -110212 (base 5) in base 16?
-edf
Convert -2021233 (base 5) to base 10.
-32693
Convert -11113 (base 5) to base 10.
-783
Convert b019 (base 12) to base 6.
224033
What is -11100102001 (base 3) in base 15?
-1a561
Convert 6834 (base 14) to base 5.
1034303
-1816 (base 15) to base 5
-131241
Convert 5156 (base 11) to base 2.
1101010110101
What is 36452 (base 7) in base 4?
2110112
What is -14452 (base 7) in base 10?
-4006
What is -20021102 (base 3) in base 11?
-3489
What is 118 (base 16) in base 4?
10120
Convert 64 (base 14) to base 12.
74
What is -2615 (base 7) in base 14?
-50c
What is 6170 (base 8) in base 7?
12210
Convert -309 (base 12) to base 15.
-1e6
Convert -5ada (base 16) to base 9.
-34812
28c (base 16) to base 4
22030
Convert -1502 (base 7) to base 3.
-210212
Convert 110111100101010 (base 2) to base 7.
145653
Convert 44011 (base 9) to base 15.
899a
-cc (base 15) to base 9
-233
4bc8 (base 15) to base 16
3f23
What is -54644 (base 8) in base 13?
-a5a3
Convert 230535 (base 6) to base 2.
100110010111011
What is -15ba (base 16) in base 4?
-1112322
-1011100121 (base 3) to base 6
-253454
-1192 (base 10) to base 8
-2250
-11010111001 (base 2) to base 3
-2100202
-c0 (base 14) to base 10
-168
-33a (base 11) to base 9
-501
-13223100 (base 4) to base 7
-160443
What is -5668 (base 11) in base 3?
-101020010
202200 (base 4) to base 15
9c3
What is 221214 (base 5) in base 4?
1320010
Convert 102101010 (base 3) to base 15.
26cc
What is -dc2 (base 15) in base 6?
-22215
What is -6100 (base 7) in base 2?
-100000111011
What is 10795 (base 12) in base 6?
245105
-1232 (base 8) to base 3
-220200
Convert -10253 (base 6) to base 10.
-1401
-11001 (base 2) to base 15
-1a
-190 (base 11) to base 10
-220
Convert 13713 (base 10) to base 4.
3112101
What is -b5 (base 15) in base 9?
-208
Convert -681 (base 9) to base 6.
-2331
10520 (base 9) to base 4
1231020
14ed (base 15) to base 2
1000110010010
345 (base 11) to base 9
507
What is 111001101 (base 2) in base 3?
122002
Convert -5a42 (base 16) to base 9.
-34623
Convert -101122112 (base 3) to base 14.
-2b87
93 (base 10) to base 2
1011101
What is -1173 (base 11) in base 14?
-7b6
Convert -2755 (base 8) to base 2.
-10111101101
1115 (base 11) to base 5
21333
Convert -241 (base 15) to base 9.
-627
What is -317 (base 8) in base 6?
-543
Convert 1202220120 (base 3) to base 2.
1000100001101110
-154355 (base 6) to base 3
-202221022
Convert 9cd (base 14) to base 10.
1945
What is 11000010011 (base 2) in base 11?
1194
-12364 (base 7) to base 10
-3280
102 (base 12) to base 4
2102
Convert 2130 (base 5) to base 4.
10202
What is -17118 (base 9) in base 11?
-8923
-23011 (base 4) to base 8
-1305
-1552 (base 8) to base 11
-725
Convert -12143 (base 5) to base 11.
-76a
What is 211201221 (base 3) in base 4?
10003000
What is -12492 (base 11) in base 3?
-220112112
3461 (base 16) to base 15
3e8e
Convert -1110100000011 (base 2) to base 7.
-30440
-14a9 (base 16) to base 7
-21264
Convert -10010011011 (base 2) to base 4.
-102123
What is 731 (base 11) in base 6?
4025
Convert 157260 (base 8) to base 16.
deb0
-1010020110 (base 3) to base 6
-250020
Convert -162 (base 13) to base 3.
-100020
What is -267b (base 14) in base 5?
-204043
What is 11638 (base 10) in base 2?
10110101110110
Convert -13001 (base 4) to base 2.
-111000001
Convert 56c (base 14) to base 10.
1076
What is -17116 (base 9) in base 3?
-121010120
Convert 2774 (base 9) to base 10.
2092
Convert 6a7 (base 11) to base 9.
1136
What is -16655 (base 9) in base 11?
-8689
What is 11110110111 (base 2) in base 3?
2201011
What is -b15 (base 12) in base 6?
-11225
Convert 111041 (base 5) to base 9.
5308
25312 (base 7) to base 3
100011011
Convert 4342 (base 6) to base 9.
1328
Convert 110010011 (base 2) to base 16.
193
Convert -609 (base 14) to base 2.
-10010100001
What is -1265 (base 10) in base 16?
-4f1
Convert 56600 (base 7) to base 9.
21622
-201101 (base 3) to base 15
-24d
What is -c (base 16) in base 11?
-11
What is 1bd (base 14) in base 6?
1403
What is -22080 (base 11) in base 8?
-76440
5206 (base 7) to base 9
2441
Convert 112222111 (base 3) to base 7.
43561
What is -21012012 (base 3) in base 5?
-131433
What is 202210 (base 3) in base 8?
1061
-3131 (base 14) to base 12
-4a9b
What is -3aa8 (base 15) in base 3?
-122012012
Convert -21830 (base 9) to base 15.
-4486
What is 1001100011 (base 2) in base 16?
263
Convert -2315 (base 7) to base 6.
-3525
-42 (base 15) to base 16
-3e
263a (base 11) to base 6
23515
What is -674 (base 12) in base 13?
-583
What is 9039 (base 14) in base 13?
b358
What is ce07 (base 16) in base 3?
2200100110
16d (base 16) to base 9
445
What is -a18 